1*c + 1. Let k be u(-21). What are the prime factors of a(k)?
2, 11, 43
Let g(z) = 4217*z**2 - 29*z - 27. List the prime factors of g(-2).
3, 43, 131
Let w(g) = 23*g - 111. Let n be w(5). Suppose b - n*m - 237 = -m, -b - 3*m = -243. What are the prime factors of b?
2, 3, 5
Let f(l) be the first derivative of -l**3/3 - 29*l**2/2 - 13*l + 5. Let n be f(-20). Suppose 5*u = r - 28, 3*r + 2*r + 2*u = n. What are the prime factors of r?
3, 11
Let b be (-73)/(-7) + (-8)/(-14). Suppose 4*n - 1 = b. Suppose 6*m = m + w + 603, n = -w. What are the prime factors of m?
2, 3, 5
Let j(h) = -78*h**2 + h - 152. Let v(s) = -39*s**2 - 76. Let c(g) = -3*j(g) + 5*v(g). What are the prime factors of c(5)?
2, 7, 37
Suppose -3*y = 3*r - 24, -6 = 2*y - 12. Suppose 0 = -3*h - 1 - 14, 0 = -r*p - h + 4705. What are the prime factors of p?
2, 3, 157
Suppose -10*o + 0 = -50. Suppose -t + 3*t = -5*y + 7, -2*y + 70 = o*t. Suppose -12*n - 216 = -t*n. List the prime factors of n.
2, 3
Suppose -4*a + 22848 = 5*m - 947, -4*m = -2*a - 19036. List the prime factors of m.
4759
Let j be 6 - 9 - (-84)/2. Let c be (2 - j/21) + (-60)/(-21). List the prime factors of (-1)/(-2) + (c - (-725)/10).
2, 19
Suppose 0 = -4*u, -2*u - 4335 + 108159 = 4*c + u. What are the prime factors of c?
2, 3, 7, 103
Suppose 2748 - 4324 = b - 14127. What are the prime factors of b?
7, 11, 163
Suppose 12*l + 81*l + 207471 = 2395854. List the prime factors of l.
23531
Let m = -1108 - -1314. List the prime factors of m.
2, 103
Let d(g) = 646*g**2 + 26*g - 60. List the prime factors of d(4).
2, 3, 5, 173
Suppose 2*k + 5*a - 26721 = 0, 4*k + 28*a = 29*a + 53475. List the prime factors of k.
2, 3, 557
Suppose -9*b + 505*b = 100*b + 4985244. List the prime factors of b.
12589
Let a be -242*(4 - (0 - -2)). Let r = -241 - a. What are the prime factors of r?
3
Suppose -2*r - 9*a + 6*a = -34290, -3*a - 17118 = -r. List the prime factors of r.
2, 3, 7, 17
Let w(y) = -252*y + 137. Suppose 2*l + 9 - 27 = 4*t, -3*t - 10 = -5*l. What are the prime factors of w(t)?
11, 127
List the prime factors of -1*1/(0 - 1)*(-56 - -5875).
11, 23
Let i = 1084 + 840. Let s = -1242 + i. What are the prime factors of s?
2, 11, 31
Suppose 764731 = 12*c - 10241. What are the prime factors of c?
3, 11, 19, 103
Let k be (14/3)/(34/51). List the prime factors of (708/k)/(0 - (-1)/7).
2, 3, 59
Suppose 0 = w - 5*i - 11233, -i = -3*w - 6*i + 33679. What are the prime factors of w?
2, 7, 401
Suppose 5*h - 119*c + 118*c = 3526, -2*c = 5*h - 3538. Let j be (-14)/3*(87 + 0). Let x = j + h. What are the prime factors of x?
2, 3, 5
Let x(c) = -4*c**2 + 52 - c + 9*c**2 - 9*c. List the prime factors of x(10).
2, 113
Let u(f) = 2 + f**3 + 7*f + 0 + 1 - 29*f**2 + 25*f**2. Let m be u(6). Suppose 10 = x - m. What are the prime factors of x?
127
Suppose 0 = -5*h - 8*h + 8684. Suppose -2*o = -1260 - h. List the prime factors of o.
2, 241
List the prime factors of 10 - ((-29334)/2 + -31 + 31).
13, 1129
Let n = 146 - 92. Let m = -53 + n. What are the prime factors of 230*(10/25)/m?
2, 23
Let o = -12370 + 19245. What are the prime factors of o?
5, 11
Let w = -90 - -134. Let v = w + -42. Suppose 4 = 3*k - 2*k, 0 = -3*r - v*k + 44. What are the prime factors of r?
2, 3
Let n = -3 + 15. Suppose -2*z = z - n. Suppose -13 - 7 = -z*w, -2*s + 5*w = -381. List the prime factors of s.
7, 29
Let r = -36581 + 61605. List the prime factors of r.
2, 17, 23
Let p(z) = 11*z**3 - 5*z**2 + z + 11. Let s be p(3). Let y = s - -496. What are the prime factors of y?
2, 3, 127
Let a = -47 - -52. Let m be 17/a + (-4)/10. Suppose 25 = m*y - 254. List the prime factors of y.
3, 31
Let c = 804 + -813. Let q(o) = 4 - 2 + 0*o - 6*o. List the prime factors of q(c).
2, 7
Let q(m) = -m. Let o(i) = 6*i + 5. Let g(a) = -o(a) - 2*q(a). What are the prime factors of g(-24)?
7, 13
Let t = 3 - 1. Suppose -j - u = -5, 5*j + 2*u + 9 = 25. Suppose -j - 172 = -t*i. List the prime factors of i.
3, 29
Let t be (-196)/16 + (-3)/4. Let o be (-1)/(t/(-15)) + (-10)/(-65). What are the prime factors of (0 - -11)/(5/(-10) - o)?
2, 11
What are the prime factors of (-845042)/(-99) - 38/(-171)?
2, 11, 97
Let a = -64 + 84. Suppose a*j - 15*j = 475. What are the prime factors of j?
5, 19
Let i(c) = 21*c + 39. Let l be i(-8). Let h = l + 108. Let t(p) = p**2 + 11*p + 17. List the prime factors of t(h).
227
Let f(n) = -3*n**2 - 5*n - 2. Let x be f(4). Let c be 8/(-10)*x/28. What are the prime factors of (584/4)/1 + (-2 - c)?
2, 71
Let m be 5 + (-1 - 2) + -7*1. Let r = m + 10. Suppose 0*w + 3*s + 437 = r*w, -417 = -5*w - 2*s. List the prime factors of w.
5, 17
Suppose -l = -3*l. Suppose -n = -4*c + 113, -c + n + 29 + l = 0. Suppose -27*d = -c*d + 88. What are the prime factors of d?
2, 11
Let q(t) = 8*t**2 + t + 1. Let a be q(-4). Let j = a - -105. List the prime factors of j.
2, 5, 23
List the prime factors of 1030736/30 - (-12 + 178/15).
2, 41, 419
Suppose -197*d = -138*d - 260603. What are the prime factors of d?
7, 631
Suppose 4*x + 481 = 6345. Let j = x + -748. Let k = j + -501. List the prime factors of k.
7, 31
Suppose 511 = 2*h + 2545. Let o = 1651 + h. Suppose 4*x - 142 = -i, o = 4*i - 3*x + 104. List the prime factors of i.
2, 67
Let h be (-15)/2*828/(-54). Suppose -5*w + 111 = -5*i - 59, -4*w + h = 3*i. Let z = w + 35. List the prime factors of z.
2, 3, 11
Suppose 4*s - 3*t = 455, -s + 3*s - 5*t = 245. Suppose -1220 = -97*p + 87*p. Let l = s + p. List the prime factors of l.
2, 29
Let v = 55143 - 32510. What are the prime factors of v?
13, 1741
Let z(k) = -38*k - 16. Let u be z(-3). Let h = u - -55. Let c = h - 86. List the prime factors of c.
67
Let t(q) = -q**3 + 7*q**2 - 8*q + 12. Let m = 15 + -5. Let y be 58/m - (-44)/(-55). What are the prime factors of t(y)?
2, 11
Suppose -2*q + 67 = -139. Let a = 3796 + -3691. Suppose a*d = q*d + 78. What are the prime factors of d?
3, 13
Let a = 297 + -177. Suppose -2*c - 102 + a = 0. Suppose -24 = -3*n + c. What are the prime factors of n?
11
Suppose 2*x + 0*x = 4. Suppose 2 = -p, -7*p = x*z - 6*p - 1010. List the prime factors of z.
2, 11, 23
Let w = -67 - -71. Suppose 5*n - 164 = w*n. Suppose -l + n = 5*g, -3*l + 3*g + 499 = 61. What are the prime factors of l?
149
Suppose -5*m - 364 = -q, 695 = -q + 3*q + m. Let c = q - -36. What are the prime factors of c?
5, 7, 11
Let k(n) = 35*n + 6. Let h be k(6). Let d = -2841 + 2923. Suppose -h = -l - d. List the prime factors of l.
2, 67
Let x be (-1 - (-5 + -79)/7)/1. Suppose -4*v + 132 = -2*v + 2*h, -2*v + h = -144. Let i = v + x. What are the prime factors of i?
3
Suppose 2*l = 42*p - 39*p + 26523, 0 = 5*l - 5*p - 66310. List the prime factors of l.
3, 4421
Suppose 67*y = -50*y - 30*y + 2481213. What are the prime factors of y?
16879
Let x = -4280 - -7850. What are the prime factors of x?
2, 3, 5, 7, 17
Let k = 3 + -3. Suppose 5*q - q - 1580 = k. List the prime factors of q.
5, 79
Suppose -1690 = -2*s - 5*r, 4*s - 4*r - 2403 = 921. What are the prime factors of s?
5, 167
Suppose -2*k = 3*j + 3*k, -3 = k. Suppose c + 9 = 5*o + 3, 0 = j*c - 3*o + 8. List the prime factors of (1 - 0)/1*c - -86.
5, 17
Let c be -3 + (-4 - -2*(-45)/(-10)). List the prime factors of (119/c)/((-74)/(-148)).
7, 17
Let v be 2/8 + (-774)/(-8). Let r = -94 + v. List the prime factors of 1082/7 - (r - (-48)/(-14)).
5, 31
Let q(k) = -1163*k - 4198. List the prime factors of q(-23).
3, 7517
Let s be 57220/130 + -8 - 2/13. Suppose -5*x = -8*x. Suppose x*y - s = -4*y. What are the prime factors of y?
2, 3
Let f = 354 - 352. Let v(g) = 21*g**2 - 16*g + 31. What are the prime factors of v(f)?
83
Let v be (-80)/(-50) - (-4)/10 - -15. Let k(p) = 9*p**2 - 3*p + 3. Let x be k(-4). Let z = v + x. List the prime factors of z.
2, 11
Suppose 0 = -21*r + 22*r + 91. Let v = r - -169. List the prime factors of v.
2, 3, 13
What are the prime factors of -5 + 11 + -8 - -12614?
2, 3, 1051
Let r = 21 - 21. Suppose x + 3*z = -4*x, r = 5*x + 2*z + 5. List the prime factors of x/((-3)/41) + 1.
2, 3, 7
Let a(g) = 125*g**2 - 3*g - 260. What are the prime factors of a(10)?
2, 3, 5, 11, 37
Suppose 55650 = 24*m + 18*m. List the prime factors of m.
5, 53
Let n = -592 + 646. Suppose -n*w = -64*w + 12320. List the prime factors of w.
2, 7, 11
Let t(x) = x**2 - 11*x - 20. Let p b